Calculate n(-50).
-572
Let t(h) = h**2 - 7155*h - 323991. Give t(-45).
9
Let r(c) = 5*c**3 + 20*c**2 + 139*c + 38. Calculate r(-7).
-1670
Let i(c) = -c**3 + 493*c**2 - 33341*c - 12780. Calculate i(412).
-8
Let w(x) = -x**2 + 1489*x - 238994. Give w(183).
4
Let a(v) = -2*v**3 + 9*v**2 - 504*v + 2986. Calculate a(6).
-146
Let r(y) = -7*y**3 + 4*y**2 - 201*y + 994. Calculate r(5).
-786
Let b(x) = 25*x**2 - 1590*x + 91. What is b(64)?
731
Let t(v) = -v**2 - 101*v + 5625. Determine t(41).
-197
Let z(w) = 168918*w + 844589. Give z(-5).
-1
Let p(v) = -39*v + 1657. Give p(45).
-98
Let f(y) = 3*y**3 - 3*y**2 + 3403*y - 6801. Determine f(2).
17
Let o(z) = 2*z**3 + 137*z**2 + 1794*z + 562. What is o(-17)?
-169
Let g(k) = k**2 - 675*k - 80010. What is g(-103)?
124
Let q(t) = -t**3 + 162*t**2 - 2580*t - 1730. What is q(144)?
-2
Let j(t) = t**3 - 39*t**2 - 71*t + 2440. What is j(39)?
-329
Let y(m) = 1270*m + 14026. Give y(-11).
56
Let t(b) = -2*b**2 - 2039*b + 95798. Determine t(45).
-7
Let m(g) = -97075*g + 6018654. Determine m(62).
4
Let d(a) = -a**3 + 31*a**2 - 6*a - 51. Give d(31).
-237
Let c(d) = 3*d**3 + 10201*d**2 - 51079*d - 12. Determine c(5).
-7
Let u(i) = -19854*i + 19840. Give u(1).
-14
Let r(v) = 442*v - 56306. Calculate r(130).
1154
Let r(d) = d**2 + 28*d + 34. What is r(-1)?
7
Let w(x) = -177891*x - 1778921. Calculate w(-10).
-11
Let b(g) = 147*g**3 + 30*g + 97. Calculate b(-3).
-3962
Let n(r) = 306*r**2 - 273*r + 1210. What is n(5)?
7495
Let z(p) = 39*p**2 + 10141*p + 152266. Calculate z(-16).
-6
Let f(t) = -13695*t - 82139. Give f(-6).
31
Let o(c) = 116*c**3 + 2*c**2 + 210*c - 212. What is o(1)?
116
Let j(a) = a**3 + 24*a**2 + 11*a + 11. Give j(-4).
287
Let l(r) = 12*r**2 + 18352*r + 272573. Determine l(-15).
-7
Let x(d) = -8663*d + 78850. Calculate x(9).
883
Let g(n) = 519*n**2 - 5776*n + 313. Give g(11).
-424
Let v(f) = 2*f**2 - 1337*f - 30393. Give v(-22).
-11
Let z(p) = -p**2 + 270*p - 16806. Give z(97).
-25
Let v(b) = -14894*b - 48038. Give v(-3).
-3356
Let s(z) = -z**2 - 280964*z + 1966801. Give s(7).
4
Let p(z) = -6*z**2 - 1212*z - 4732. What is p(-4)?
20
Let y(f) = 165*f + 25971. Determine y(-127).
5016
Let c(o) = 1728*o + 60516. Calculate c(-35).
36
Let j(g) = -340*g - 13070. Determine j(-36).
-830
Let d(u) = -52*u + 99. Determine d(-4).
307
Let f(w) = -w**3 + 41*w**2 + 3946*w + 4903. Give f(87).
31
Let o(u) = 28*u**3 - 71*u**2 + 21*u - 13. Give o(2).
-31
Let i(y) = -362*y - 12518. Give i(-34).
-210
Let l(x) = -x**3 - 40*x**2 - 156*x + 497. Give l(-37).
2162
Let t(b) = b**2 - 1087*b + 130171. Calculate t(137).
21
Let a(d) = -1582*d - 10889. Give a(-11).
6513
Let a(k) = -2*k**2 + 23*k + 380. Calculate a(-7).
121
Let j(a) = 569*a - 71025. Give j(126).
669
Let k(z) = -z**3 - 276*z**2 - 782*z + 10126. Give k(-273).
25
Let z(m) = 659*m**2 - 71164*m - 873. Determine z(108).
-9
Let k(f) = 225*f - 70205. Give k(312).
-5
Let f(i) = 273134*i - 7647752. Calculate f(28).
0
Let r(l) = -l**2 + 27*l + 219. Calculate r(35).
-61
Let u(r) = -47*r**3 + 110*r**2 + 338*r - 18. Give u(-3).
1227
Let t(q) = -3*q**2 + 217*q - 467. Calculate t(70).
23
Let k(o) = -750*o**2 - 82462*o + 4173. Give k(-110).
-7
Let g(q) = q**3 - 575*q**2 + 44826*q + 13. What is g(93)?
13
Let i(d) = -8*d**2 + 21*d - 23. What is i(0)?
-23
Let l(j) = -242*j**2 + 70430*j - 2329. Determine l(291).
-1
Let v(h) = h**2 - 42*h + 603. What is v(26)?
187
Let o(s) = -8105*s**2 - 656509*s - 313. Determine o(-81).
11
Let d(h) = 53210*h - 478886. Calculate d(9).
4
Let f(j) = 2*j**3 - 115*j**2 - 304*j + 191. What is f(60)?
-49
Let j(v) = 2*v**3 - 35*v - 208. What is j(8)?
536
Let f(k) = -10*k**2 + 74*k - 1. Calculate f(0).
-1
Let i(u) = -2*u**3 - 58*u**2 - 113*u - 35. Calculate i(-27).
100
Let u(v) = 8853*v + 26492. Calculate u(-3).
-67
Let k(m) = -m**3 + 85*m**2 - 445*m + 30196. Determine k(84).
-128
Let z(d) = -328328*d + 3611605. Determine z(11).
-3
Let z(t) = -t**3 - 316*t**2 - 7009*t - 228. Determine z(-292).
64
Let w(g) = 2417*g - 208216. Calculate w(86).
-354
Let s(b) = 33232*b + 1428962. Determine s(-43).
-14
Let h(m) = 3949*m - 12658. Determine h(3).
-811
Let n(h) = -h**3 - 129*h**2 + 328*h + 8651. Calculate n(-131).
5
Let h(k) = -172*k - 5694. Determine h(-36).
498
Let v(k) = -2*k**3 + 97*k**2 - 122*k + 380. Calculate v(47).
1273
Let n(l) = -5651*l + 4503853. What is n(797)?
6
Let o(q) = -q**3 - 1038*q**2 - 8236*q + 4114. What is o(-1030)?
-6
Let d(p) = -112*p**2 + 540*p - 6. Determine d(5).
-106
Let y(a) = a**3 + 192*a**2 + 4288*a + 664762. What is y(-188)?
-6
Let l(i) = 196*i**3 - 1177*i**2 + 1572*i - 9396. Calculate l(6).
0
Let o(b) = 12433*b**2 + 211378*b + 304. Give o(-17).
15
Let g(c) = -c**3 + 48*c**2 + 118*c - 327. What is g(50)?
573
Let d(v) = -37*v**2 + 2746*v - 964. What is d(74)?
-372
Let x(c) = c**3 - 3*c**2 - 105*c - 1210. What is x(-9)?
-1237
Let z(u) = 10338*u - 196417. Give z(19).
5
Let t(l) = l**2 - 217*l - 34224. Give t(-106).
14
Let w(f) = f**2 + 91*f - 934. Determine w(-103).
302
Let p(k) = -k**3 + 65*k**2 + 105*k - 2647. What is p(66)?
-73
Let q(s) = -61494*s - 307419. Calculate q(-5).
51
Let d(q) = 11*q**3 + 1547*q**2 + 23119*q - 16. What is d(-17)?
1
Let j(g) = g**3 - 100*g**2 + 290*g + 195. What is j(97)?
98
Let y(h) = 3736*h + 123194. Give y(-33).
-94
Let a(k) = -4*k**2 - 10043*k - 20084. Give a(-2).
-14
Let y(n) = -3*n**2 + 215*n + 1226. Calculate y(77).
-6
Let a(u) = 2*u**2 - 167*u + 841. Determine a(76).
-299
Let v(q) = -284*q - 25300. What is v(-88)?
-308
Let d(o) = -o**2 + 27868*o + 1647688. Give d(-59).
-5
Let s(m) = -50259*m + 703600. Determine s(14).
-26
Let q(n) = 690*n - 3428. What is q(0)?
-3428
Let d(q) = -812*q + 232976. Give d(287).
-68
Let a(b) = 72*b + 15625. Give a(-183).
2449
Let t(o) = 2*o**2 + 1085*o + 89134. Determine t(-101).
-49
Let t(a) = -90815*a + 1634670. Give t(18).
0
Let p(n) = -5*n**3 - 94*n**2 + 39*n - 12. Determine p(-20).
1608
Let m(f) = -1946*f**2 - 262710*f - 234. Calculate m(-135).
-234
Let b(i) = 1980*i - 29833. What is b(15)?
-133
Let h(u) = -213212*u + 5117075. Determine h(24).
-13
Let c(q) = -127*q**2 + 36831*q - 294. What is c(290)?
-4
Let d(v) = 31*v**3 + 4*v**2 + 8*v - 2. Determine d(3).
895
Let x(q) = -6793*q + 4401910. What is x(648)?
46
Let n(l) = 3277*l - 206426. Determine n(63).
25
Let g(y) = -133579*y + 1068636. Give g(8).
4
Let t(s) = -s**3 - 162*s**2 + 142*s - 1568. Calculate t(-163).
1855
Let p(s) = -61*s**2 + 46812*s - 343517. Determine p(760).
3
Let q(v) = 26366*v + 158153. Determine q(-6).
-43
Let r(q) = -12*q**2 + 805*q + 1363. What is r(69)?
-224
Let v(h) = -83982*h - 4115116. Calculate v(-49).
2
Let c(l) = -4*l**2 + 5188*l - 36148. What is c(7)?
-28
Let k(i) = -i**3 - 406*i**2 + 1217*i - 4104. Determine k(-409).
-14
Let p(y) = 6*y**2 - 123*y - 32. What is p(20)?
-92
Let u(w) = -41*w + 4907. Give u(120).
-13
Let t(o) = 10846995*o - 21693981. Calculate t(2).
9
Let b(a) = -157*a**2 - 644*a - 73. Give b(-4).
-9
Let g(w) = -28*w + 10307. Determine g(368).
3
Let r(x) = -116*x - 6811. Give r(-60).
149
Let r(f) = 858*f**2 + 16*f + 23. What is r(1)?
897
Let w(q) = 26562*q - 159499. Calculate w(6).
-127
Let s(v) = v**3 - 6*v**2 - 157*v + 18. What is s(17)?
528
Let u(x) = -5454*x + 5602. Determine u(1).
148
Let d(i) = -31446*i - 31464. What is d(-1)?
-18
Let i(b) = 85144*b + 85217. Calculate i(-1).
73
Let m(l) = -6*l**3 + 3*l**2 + 608*l - 434. Calculate m(10).
-54
Let k(i) = 18*i**2 - 235*i - 1606. Determine k(-7).
921
Let p(s) = -s**3 - 81*s**2 + 155*s + 40475. What is p(-76)?
-185
Let n(d) = 125*d + 8680. Give n(-71).
-195
Let i(d) = -10370*d - 72475. Give i(-7).
115
Let c(b) = -2*b**3 - 3*b**2 - 1586*b - 6357. Give c(-4).
67
Let c(a) = 3*a**2 - 6*a - 13046. Give c(67).
19
Let r(u) = 39722*u - 2105245. Give r(53).
21
Let h(t) = -t**3 + 83*t**2 - 671*t - 25. Give h(8).
-593
Let z(x) = -x**3 + 81*x**2 + 1891*x - 179. What is z(-19)?
-8
Let i(d) = 108*d**3 + 17*d**2 - 2*d + 1. What is i(2)?
929
Let p(d) = -2*d**3 + 3*d**2 + 720*d + 3259. Determine p(-5).
-16
Let w(k) = -2*k**3 - 520*k**2 - 208. What is w(0)?
-208
Let s(l) = -1089*l**2 - 119788*l + 223. Give s(-110).
3
Let j(y) = -10298*y + 174903. Calculate j(17).
-163
Let s(o) = 69369*o - 4925191. Calculate s(71).
8
Let r(k) = 11*k**3 - 59*k**2 - 16210*k + 9